ghest common divisor of 1953223 and 11053?
1579
What is the highest common divisor of 509278623 and 14?
7
What is the greatest common divisor of 54796028 and 448?
28
What is the highest common factor of 41211 and 41820007?
4579
Calculate the highest common divisor of 3 and 2351667.
3
What is the greatest common factor of 30558 and 32672058?
2778
Calculate the highest common divisor of 3794 and 22010891.
1897
Calculate the greatest common divisor of 4863735 and 11745.
1305
What is the greatest common factor of 666933944 and 138?
46
What is the greatest common factor of 11161561 and 59?
59
Calculate the highest common factor of 819 and 121043.
13
What is the greatest common factor of 511 and 91606386?
73
Calculate the greatest common divisor of 1981101264 and 4848.
4848
What is the greatest common divisor of 20 and 12091220?
20
What is the greatest common divisor of 184841 and 5676453?
1411
What is the greatest common factor of 139982 and 18?
2
Calculate the greatest common factor of 213672 and 2001.
87
Calculate the highest common divisor of 60457092 and 12.
12
Calculate the highest common factor of 25812601 and 368.
23
Calculate the greatest common factor of 64130 and 8605080.
5830
Calculate the greatest common divisor of 25950821 and 13.
13
Calculate the highest common divisor of 66 and 153029096.
22
Calculate the greatest common divisor of 22390523 and 2001.
667
Calculate the greatest common factor of 3095 and 879472105.
3095
Calculate the greatest common divisor of 354 and 61839906.
354
Calculate the highest common factor of 178568 and 175474.
442
Calculate the highest common divisor of 359951042 and 484.
242
What is the highest common factor of 1349 and 442966?
19
Calculate the greatest common divisor of 393569 and 1681724.
407
What is the highest common divisor of 122007 and 225?
3
What is the highest common factor of 2641 and 111363047?
2641
Calculate the highest common factor of 9552524 and 16326.
1814
What is the highest common factor of 2540 and 52470304?
508
Calculate the highest common factor of 596 and 2391003.
149
What is the highest common factor of 180929 and 3535?
7
What is the highest common factor of 13403 and 114179?
13
What is the highest common divisor of 27 and 49445373?
3
Calculate the highest common divisor of 1215 and 247783860.
405
What is the highest common divisor of 147900 and 7231440?
1740
Calculate the highest common divisor of 1381088379 and 2343.
2343
What is the greatest common factor of 4379 and 7669139?
151
Calculate the highest common factor of 139764480 and 4896.
1632
What is the greatest common divisor of 30222569 and 1648?
103
What is the greatest common factor of 40 and 854891920?
40
Calculate the greatest common divisor of 19 and 107908.
1
Calculate the greatest common divisor of 2152418 and 1435.
41
Calculate the highest common divisor of 180 and 47494359.
9
Calculate the highest common factor of 243135612 and 36.
36
Calculate the highest common divisor of 955 and 390965.
5
What is the greatest common factor of 117521134 and 8?
2
What is the greatest common factor of 1141486 and 110?
2
Calculate the greatest common factor of 2803206 and 7812.
1302
What is the greatest common factor of 146962955 and 181165?
9535
Calculate the greatest common divisor of 1257111 and 9.
9
Calculate the greatest common divisor of 10659 and 45201057.
627
What is the highest common factor of 521416 and 856?
8
What is the greatest common factor of 369 and 696213292?
41
Calculate the greatest common factor of 9750 and 389445.
15
What is the greatest common factor of 2242521 and 189?
9
Calculate the greatest common factor of 5309577 and 9828.
2457
Calculate the greatest common factor of 275 and 36907325.
25
Calculate the greatest common divisor of 2571 and 58992452.
857
What is the highest common factor of 3087 and 3567249?
441
What is the greatest common divisor of 1123930 and 994?
142
Calculate the greatest common factor of 906075 and 4.
1
What is the highest common factor of 1084 and 8224?
4
What is the highest common factor of 4620 and 9029559?
231
Calculate the greatest common factor of 45152600 and 300.
100
Calculate the greatest common factor of 3102 and 42459142.
1034
What is the highest common divisor of 289592 and 74?
2
What is the greatest common factor of 432 and 8311806?
18
Calculate the highest common divisor of 12 and 105955554.
6
What is the highest common factor of 6075 and 863875?
25
Calculate the greatest common factor of 337 and 210825515.
337
What is the greatest common factor of 290667 and 3567?
87
What is the highest common divisor of 75169014 and 1524?
762
What is the greatest common factor of 845 and 465870?
5
Calculate the highest common divisor of 1563050 and 208550.
2150
What is the highest common factor of 4592281 and 361?
361
Calculate the highest common factor of 92318 and 1419017.
1489
Calculate the greatest common divisor of 7104 and 55104.
192
Calculate the greatest common divisor of 1032 and 1122216.
24
Calculate the highest common factor of 357 and 29510929.
119
Calculate the greatest common factor of 1408350 and 24675.
75
What is the greatest common factor of 333078592 and 32?
32
Calculate the highest common factor of 741780 and 6731812.
1268
Calculate the greatest common factor of 65246224 and 951739.
6947
Calculate the greatest common factor of 38 and 40325771.
19
Calculate the highest common factor of 1648894 and 4667.
13
What is the highest common factor of 251509960 and 10452?
3484
What is the highest common divisor of 261 and 14992130?
29
What is the greatest common divisor of 418353 and 5460?
39
Calculate the highest common factor of 374757324 and 30390.
6078
What is the highest common divisor of 33024550 and 3666?
1222
What is the highest common factor of 381 and 121878979?
127
What is the highest common divisor of 685486 and 2479586?
466
What is the highest common divisor of 2019303 and 1089?
99
What is the greatest common factor of 2295 and 8406855?
135
What is the highest common factor of 5904 and 149095926?
738
Calculate the greatest common divisor of 69801 and 2086080.
159
What is the greatest common factor of 561 and 11419342?
187
Calculate the greatest common factor of 99417 and 9858.
93
Calculate the greatest common factor of 83985 and 1335.
15
What is the highest common divisor of 25273 and 1335887?
199
Calculate the highest common divisor of 884716 and 69160.
532
Calculate the greatest common factor of 1904 and 31250912.
112
What is the greatest common factor of 119 and 1183438?
17
What is the greatest common factor of 267786 and 4353831?
4617
Calculate the highest common divisor of 58063841 and 550.
11
Calculate the highest common factor of 74638 and 531378.
1114
What is the highest common factor of 3397 and 9419249?
79
What is the greatest common factor of 136196 and 54668?
316
Calculate the greatest common divisor of 644 and 19344794.
322
Calculate the greatest common factor of 18261 and 86693083.
2029
Calculate the highest common factor of 1209 and 1590238.
403
What is the greatest common divisor of 69291114 and 2?
2
What is the greatest common factor of 40217789 and 2066?
1033
What is the greatest common divisor of 29744 and 2122516?
44
Calculate the highest common factor of 27182422 and 34.
34
Calculate the greatest common factor of 32 and 44702080.
32
Calculate the greatest common factor of 26565 and 13255.
55
What is the highest common divisor of 172 and 14619871?
43
Calculate the highest common factor of 34649289 and 279.
279
Calculate the greatest common factor of 28641428 and 268.
268
Calculate the highest common divisor of 3939344 and 72.
8
Calculate the greatest common factor of 1554 and 32501910.
1554
Calculate the highest common divisor of 82 and 3500512268.
82
What is the greatest common divisor of 677435 and 44635?
565
What is the greatest common factor of 447 and 1670737?
149
Calculate the greatest common divisor of 277476516 and 306.
306
What is the greatest common factor of 38286 and 41661?
27
Calculate the highest common divisor of 478936490 and 10.
10
What is the highest common divisor of 2004648 and 24240?
2424
Calculate the highest common factor of 16412 and 102949.
11
What is the greatest common divisor of 73359616 and 264?
88
Calculate the gre